n divisor of 11 and j.
11
Let u be ((-6)/(-9))/((-5)/1905). Let d = -158 - u. Let s be (-6)/((-3)/24*3). What is the greatest common factor of d and s?
16
Suppose 8 = 3*j + 2. Let p(x) = -x**2 - 23*x + 104. Let q be p(-27). Let h be q + (3 - (-6)/3). What is the greatest common factor of h and j?
1
Suppose 5*k = 4*c + 8, 8 = -3*k + 5*k. Calculate the greatest common divisor of c and 16.
1
Let z be 1435/15 + (-14)/21. What is the highest common factor of z and 19?
19
Let p(r) = -r + 8. Let c be p(4). Suppose 0*b + 3*b + 3 = a, c*a - 5*b - 47 = 0. Calculate the highest common factor of 90 and a.
18
Let p(c) = -7*c + 3. Let q be p(-3). Suppose 252*a + 2496 - 13632 = -212*a. Calculate the greatest common factor of q and a.
24
Let g(y) = 8*y**3 + y**2 - y + 9. Let d be g(2). What is the greatest common divisor of d and 195?
15
Let b(z) = -3*z + 99. Let f be b(8). What is the highest common factor of 100 and f?
25
Suppose -6*j - 4*z = -j + 33, -3*j - 36 = -3*z. Let p(n) = n + 21. Let c be p(j). Suppose c = -f + 3*f. What is the highest common factor of 6 and f?
6
Let m be (-13)/(117/(-126)) + 0. Calculate the highest common divisor of 1106 and m.
14
Let j = -8 + 12. Suppose -3*t - 5*h + 14 = 0, -j*t - h - 2*h = -15. Suppose 0*u + 2*u = 18. Calculate the greatest common factor of t and u.
3
Let c = -19 - -59. Calculate the greatest common divisor of 5 and c.
5
Suppose 0 = -p + 6 - 4. Suppose -10 = -p*j + 34. Suppose 0*m + 110 = 2*m. Calculate the highest common divisor of m and j.
11
Let t be 21088/20 + 8/(-60)*3. Calculate the greatest common factor of t and 186.
62
Suppose 4*k - 118 = 710. What is the greatest common divisor of 138 and k?
69
Let y(u) = u**2 - 31*u + 140. Let k be y(5). Calculate the highest common divisor of 2230 and k.
10
Suppose -g = 4*v - 23, -3*v + g + 18 = 2*g. Suppose v*m + 1 = -4. Let p be (26/10)/(m/(-5)). Calculate the highest common factor of 39 and p.
13
Let q(z) = -8*z - 77. Let m be q(-11). Let h = -99 - -154. What is the highest common factor of m and h?
11
Let s(y) = y**3 + 4*y**2 - 9*y - 10. Let j be s(-5). What is the highest common divisor of j and 30?
10
Suppose 3 - 9 = -w. Let d(l) = -2*l**2 - 15*l + 38. Let j be d(-8). What is the highest common divisor of w and j?
6
Let f(t) = 5*t - 6. Let x = -9 - -12. Let p(a) = 4*a - 5. Let m(d) = x*f(d) - 4*p(d). Let o be m(-6). Calculate the highest common factor of 40 and o.
8
Let t(k) = k**2 + 12*k - 13. Let h be t(-8). Let v = -11 - h. What is the highest common divisor of v and 85?
17
Let l(v) = v**2 - 6*v + 4. Let a be l(6). Suppose a*u = 7*u - 96. Suppose u = -4*z + 8*z. What is the highest common factor of z and 64?
8
Suppose 0 = 2*w - b - 518 - 270, -3*w + 1179 = -3*b. Calculate the highest common factor of 10 and w.
5
Let j = 926 + -902. What is the highest common divisor of 168 and j?
24
Suppose -6*y + 4*y = -8. Suppose 0*x = -5*u - y*x + 60, 5*x - 55 = -5*u. What is the greatest common factor of u and 128?
16
Let w = 350 - 227. What is the greatest common divisor of w and 41?
41
Let z(t) = 2*t**3 - 7*t**2 + 3. Let x be z(5). Let d be (-4)/(-6) - x/9. Let a be (1 - 0)/(d/(-80)). Calculate the highest common divisor of 10 and a.
10
Suppose -u + 6*u - 40 = 0. Suppose 5*s - 2*j - 448 = 0, 432 = 7*s - 2*s + 2*j. What is the greatest common divisor of s and u?
8
Suppose 0 = 11*r - 1298 - 33. What is the greatest common factor of 407 and r?
11
Let u(r) = -28*r + 125. Let j be u(-14). What is the greatest common factor of 47 and j?
47
Suppose -14*w + 563 = -58*w + 1355. Let v = 137 + -65. Calculate the greatest common factor of w and v.
18
Suppose 0 = -15*w + 789 + 10551. Calculate the highest common factor of w and 24.
12
Let d be -3 - (2/3)/((-12)/72). Let b(i) = 20*i**2 - i. Let n be b(d). Calculate the greatest common divisor of n and 19.
19
Suppose 5*m = -20, 2*m - 141 = 2*g - 165. What is the highest common divisor of 36 and g?
4
Suppose 6*v - 4*v - 38 = -5*f, -6 = f - 3*v. Let h be (-1 - (2 + -3))/(-15 + 16). Let j be ((-6)/(-3) + h)*f. Calculate the greatest common divisor of 12 and j.
12
Suppose 15*p + 2*l = 10*p + 139, 113 = 4*p + l. Let f = -70 + 99. What is the greatest common divisor of p and f?
29
Let z = 59 - 251. Let q be z/((-8)/2)*1. Suppose v = -0*v + 6. Calculate the greatest common factor of v and q.
6
Let y(n) = 12*n**2 - 5*n - 5. Let t be y(-1). Calculate the highest common factor of t and 600.
12
Suppose 5*i = -4*n + 1313, -7*i + 1054 = -3*i + 5*n. Calculate the greatest common factor of i and 99.
9
Let a be 3/((-7 - -4) + 4). Suppose -a*h - 1 = -5*p, 2*h - 5*h + 19 = 5*p. Let u be -9*((-6)/p + 2). Calculate the highest common divisor of u and 27.
9
Let i(g) = -6*g - 15. Let d be i(-7). Let p = 29 - d. Let f be (6/(-9))/(p/(-45)). Calculate the highest common divisor of 120 and f.
15
Let z(r) = -r**2 + 6*r + 18. Let o be z(8). Let s be o/6 + (-10)/(-15). What is the greatest common divisor of 4 and s?
1
Let l(r) = 8 - 6*r - 1 + 0*r**2 + r**2. Let p be l(5). Suppose -209 = -p*s + 2*b - 3*b, -b + 419 = 4*s. What is the highest common factor of s and 15?
15
Suppose 3*w = -4*p + 14, -4*w + 28 = 2*p + 6. Let n be 4/w*36/8. Suppose -i - i - 2*t = -10, -4*i - n*t = -22. Calculate the greatest common factor of i and 35.
7
Let m(a) = -a**2 + 15*a + 34. Let s be m(17). Suppose 2*z - 450 = -3*n, s*z - 600 = -4*n - 3*z. What is the highest common factor of n and 60?
30
Let j(k) = -5*k - 5. Let p be j(1). Let n be 0 - 4 - 50/p. Calculate the highest common divisor of 17 and n.
1
Suppose -35 = 16*j - 21*j. Let a = 54 + -40. Calculate the greatest common factor of j and a.
7
Let p = 52 - 36. Let s(b) = -2*b**2 - 26*b + 2. Let d be s(-13). Calculate the greatest common divisor of p and d.
2
Let c = 69 + 50. What is the highest common divisor of 221 and c?
17
Suppose -j + 33 = 2*m, -j - 4*m + 0 = -29. Let o = -26 + j. Let p be (-849)/(-11) + (-14)/77. What is the greatest common factor of p and o?
11
Suppose -5*b = -0*x - 2*x - 119, -4*x + 12 = 0. Suppose -12 = -b*c + 23*c. What is the highest common divisor of 6 and c?
6
Let i(v) = 39*v**2 + 6*v - 7. Let w be i(1). What is the greatest common factor of w and 418?
38
Suppose 7*u - 3*u = 320. Suppose -2*f + u - 14 = 0. What is the greatest common divisor of 11 and f?
11
Let a = 547 + -534. What is the greatest common divisor of 2 and a?
1
Let p be 1220/15 - (-6)/(-18). Calculate the highest common factor of p and 72.
9
Let v(m) be the first derivative of m**4/2 - m**3 - 7*m - 5. Let j be v(3). Let k = 62 - 54. What is the highest common divisor of k and j?
4
Suppose 0 = 2*z - 5*z - 192. Let s(i) = 3*i + 20. Let a be s(-8). Let b be 5/((-10)/z) + a. Calculate the greatest common factor of 70 and b.
14
Suppose -9 - 63 = -3*y. Let k(w) = 30*w. Suppose 3*m - 8*m + 10 = 0. Let c be k(m). Calculate the highest common divisor of c and y.
12
Let f(i) be the third derivative of 1/12*i**4 + 0*i + 0*i**3 + 0 + 6*i**2 + 7/60*i**5. Let a be f(-2). What is the greatest common factor of 8 and a?
8
Let v(o) = 16*o**2 + 5*o + 4. Let d be v(-4). Let l = -12504 + 12516. Calculate the greatest common divisor of l and d.
12
Let z(m) = 7 + m**2 - 10*m - 2 + 8. Let u be z(15). What is the greatest common divisor of 22 and u?
22
Suppose 526 = 3*r + 130. Let o be r/(-9)*18/(-12). Suppose -3*m = 4*k - o, -3 - 4 = -2*m + 5*k. What is the highest common factor of 12 and m?
6
Suppose 2 = -5*y + 2*c - 4, -2*y - 5*c - 14 = 0. Let g be ((-30)/1)/(4/8*y). What is the highest common factor of g and 60?
30
Suppose 7*f = 29 + 104. What is the greatest common factor of 551 and f?
19
Suppose -2*t = s - 33, -4*s + 0*t + 120 = 2*t. Suppose 0 = -3*f + s - 8. Calculate the highest common factor of f and 7.
7
Suppose 2*c - 36 = 2*h, 3 - 67 = -4*c + 2*h. Suppose c*z - 9*z - 700 = 0. What is the greatest common factor of 20 and z?
20
Suppose -24*x + 21121 = -6023. Calculate the greatest common divisor of x and 87.
87
Let p be -1 + (-2 - (2 - 6)) + 55. Let f = 82 - p. Calculate the highest common divisor of 39 and f.
13
Suppose 9*g - 3673 = 4247. Suppose -7*a = 4*a - g. Calculate the highest common divisor of a and 10.
10
Suppose 0 = d - 5, -4*a + 30 = 3*d - 45. Let s(b) = 9*b. Let i be s(-2). Let u be (i/4)/(-3)*90. Calculate the highest common factor 